14) to base 11.
-80533
What is -144987 (base 10) in base 6?
-3035123
-303516 (base 7) to base 5
-3123313
What is -34b65 (base 16) in base 3?
-101222011122
4a53c9 (base 14) to base 12
a2b7b1
Convert 1a7ab18 (base 12) to base 4.
111200203010
-1967544 (base 10) to base 8
-7402670
Convert 1a23cc (base 14) to base 16.
e29f0
What is -14124322 (base 7) in base 4?
-11001212203
-23765626 (base 8) to base 7
-62343062
What is -5c7a8 (base 16) in base 10?
-378792
Convert -32602 (base 8) to base 14.
-4dc6
-7ca8a4 (base 15) to base 6
-331415101
7461184 (base 9) to base 16
3cfb77
Convert -31131003 (base 4) to base 11.
-38448
What is -21320333003 (base 4) in base 3?
-11212201112012
56ab0d (base 16) to base 12
1a9ab79
What is 62653045 (base 7) in base 13?
113306b
What is 3a41b8 (base 13) in base 4?
11113321111
Convert -33300032013 (base 4) to base 11.
-2370757
97207 (base 11) to base 12
6995b
101001111010101110110 (base 2) to base 15
1c1ea8
What is 4180256 (base 10) in base 3?
21212101020022
What is -874db (base 15) in base 3?
-210211110222
212645 (base 13) to base 10
776612
What is 769451 (base 10) in base 16?
bbdab
What is 1f2cf (base 16) in base 14?
34771
Convert -27addc (base 16) to base 5.
-1131203122
Convert -35a1a (base 12) to base 2.
-10001101001110110
Convert 2201121202 (base 3) to base 4.
31012211
Convert 31101131121 (base 4) to base 15.
48ade0
What is 355b041 (base 12) in base 6?
1005144121
What is 71b3d (base 16) in base 7?
3646541
What is -3215d (base 14) in base 9?
-204001
Convert 2889351 (base 10) to base 9.
5383400
What is -3a0310 (base 12) in base 4?
-3220332330
Convert 102021010210 (base 3) to base 6.
4430250
Convert 1311d8 (base 15) to base 2.
11011111011001101101
What is 54534776 (base 8) in base 12?
3b0a452
Convert -131410322 (base 5) to base 6.
-22003005
3ccc6 (base 15) to base 10
195261
-4011442 (base 5) to base 15
-13b9c
Convert 1121204 (base 5) to base 6.
233231
Convert -814748 (base 12) to base 13.
-5591c0
332331133 (base 4) to base 2
111110111101011111
Convert 32130052 (base 6) to base 5.
220213231
-1935ff (base 16) to base 9
-3087373
What is 120222100221 (base 3) in base 13?
b019a
38c61 (base 15) to base 16
2c5a2
Convert -352315015 (base 6) to base 11.
-3779874
What is 89635 (base 11) in base 8?
375517
1661340 (base 8) to base 3
220121000022
-201214403 (base 6) to base 7
-41046525
-5494a8 (base 11) to base 14
-18b560
Convert 10001000000000101011000 (base 2) to base 10.
4456792
110000000101101011110110 (base 2) to base 4
300011223312
101110010001001101 (base 2) to base 14
4d0cd
What is -10021220001 (base 3) in base 13?
-23659
What is -51a85 (base 13) in base 4?
-203311301
What is 1211300 (base 6) in base 14?
19392
What is -1a7496a (base 12) in base 10?
-5627746
333a1a (base 12) to base 2
11000111000011110110
Convert 3120214000 (base 5) to base 4.
120131310321
What is -130003321 (base 5) in base 6?
-21223353
What is -15555554 (base 6) in base 13?
-167aac
-5a388ab (base 12) to base 9
-35825345
Convert 43420044 (base 5) to base 11.
235397
What is -51332021 (base 6) in base 5?
-334131442
What is 157189 (base 10) in base 3?
21222121211
1012112100212 (base 3) to base 10
640328
1328b7 (base 13) to base 11
296843
What is 466010 (base 7) in base 4?
110123303
853e9 (base 16) to base 3
1000201122200
-13d8c1 (base 14) to base 13
-1b238c
Convert 215822 (base 10) to base 7.
1556135
What is -535215 (base 8) in base 4?
-223222031
Convert -7400b (base 13) to base 16.
-32f56
What is 2170445 (base 9) in base 3?
2012100111112
Convert 100100100100010001000 (base 2) to base 14.
23294c
What is 1424203214 (base 5) in base 11?
2125793
113143 (base 9) to base 5
4133132
-820a40 (base 11) to base 7
-14132214
What is 3067923 (base 10) in base 12?
103b503
3595207 (base 10) to base 11
2036150
-31131310332 (base 4) to base 2
-1101011101110100111110
What is b099e2 (base 16) in base 12?
3a61916
Convert 213794 (base 12) to base 9.
878674
3fa8e (base 16) to base 5
31321000
Convert 154121550 (base 6) to base 11.
1938931
1003112130 (base 4) to base 6
5525100
Convert 124341550 (base 6) to base 14.
47c9aa
-4696c (base 15) to base 4
-312321231
Convert 110012021122 (base 3) to base 16.
3a9af
-12022032 (base 5) to base 6
-2213220
Convert 122314030 (base 5) to base 14.
11473a
What is c3ac2 (base 14) in base 8?
1630472
-8a42 (base 14) to base 7
-126612
What is -23465630 (base 7) in base 5?
-1013134242
67261 (base 10) to base 15
14de1
-101101110100111 (base 2) to base 8
-55647
1332440 (base 6) to base 11
50a52
616501 (base 7) to base 3
12100210011
Convert 222111021221 (base 3) to base 13.
153466
Convert -404211 (base 5) to base 10.
-13056
1156850 (base 11) to base 16
1ebe6a
45a1256 (base 11) to base 13
1886435
1537658 (base 11) to base 13
711619
What is -ed (base 16) in base 10?
-237
121022201121002 (base 3) to base 11
4995567
Convert 4132415 (base 8) to base 4.
10023110031
-101210232 (base 4) to base 14
-1c338
Convert -11101121201221 (base 3) to base 16.
-23a04c
Convert 319a4 (base 12) to base 11.
45115
What is 200e (base 16) in base 3?
102020221
-1840375 (base 9) to base 8
-3734364
Convert 5523205 (base 6) to base 8.
1032025
Convert -221010101121 (base 3) to base 10.
-494548
What is -2533458 (base 10) in base 13?
-6a91b5
103330002 (base 7) to base 8
27435216
Convert 155543205 (base 6) to base 4.
30303222311
-324971 (base 10) to base 6
-10544255
Convert -2a4600 (base 11) to base 8.
-1636702
What is 496429 (base 10) in base 15?
9c154
Convert 12441023 (base 5) to base 9.
208717
What is 1125351 (base 6) in base 5?
3330433
-100100232212 (base 4) to base 13
-b633a5
2b591 (base 12) to base 9
103081
Convert -193cc (base 16) to base 6.
-2114324
Convert a4998b (base 13) to base 7.
44466234
What is 15236 (base 12) in base 3?
1111202020
What is -2efc56 (base 16) in base 12?
-1045b86
-2221021202 (base 3) to base 2
-1110000111001000
Convert -2b6ec5 (base 15) to base 4.
-20000200022
Convert 1387733 (base 10) to base 2.
101010010110011010101
201b37 (base 13) to base 9
1357233
Convert -113130001 (base 4) to base 3.
-11212200121
What is 420658 (base 11) in base 14?
137a27
Convert -2077431 (base 9) to base 10.
-1114264
Convert -1000100001010 (base 2) to base 9.
-5876
-1010111100001111111000 (base 2) to base 4
-22330033320
What is -8b9219 (base 14) in base 15?
-63c754
-11110010011001110100 (base 2) to base 12
-3ba704
What is 1003742 (base 9) in base 15?
a8458
What is -2ca54c (base 14) in base 15?
-20db1d
Convert -21002220110 (base 3) to base 2.
-100010001001111011
4240410424 (base 5) to base 4
202001213001
-22102112010 (base 3) to base 15
-34229
Convert -2b07a6 (base 12) to base 5.
-141230034
What is 2196109 (base 12) in base 5?
3120333240
What is 157638 (base 10) in base 14?
4163c
What is 210210012101 (base 3) in base 15?
870b7
What is -230320411 (base 6) in base 11?
-2426430
What is -a05695 (base 13) in base 5?
-1423200201
Convert -354c1 (base 14) to base 9.
-217186
Convert 3055300 (base 6) to base 12.
71530
Convert -582c67 (base 16) to base 10.
-5778535
What is 100000000110011000 (base 2) in base 11?
8a868
Convert 21000120 (base 3) to base 10.
5118
Convert -2326431 (base 7) to base 10.
-292797
-323233300 (base 4) to base 6
-5124544
What is -29295 (base 13) in base 2?
-10010111000101011
What is 45432511 (base 7) in base 15?
532a27
Convert -19034 (base 13) to base 16.
-bcf9
What is -42c62 (base 14) in base 9?
-265584
-1227ab (base 13) to base 9
-731460
44322 (base 6) to base 5
144140
1320332031 (base 4) to base 5
111324001
Convert 10313003230 (base 4) to base 2.
100110111000011101100
Convert -23333412 (base 5) to base 4.
-310131021
What is 122832a (base 11) in base 16?
208fe4
-1001332 (base 4) to base 15
-13b7
-102132313 (base 5) to base 7
-3426335
Convert -10211001110 (base 3) to base 13.
-2826c
What is -724299 (base 10) in base 15?
-e4919
What is -30443545 (base 6) in base 8?
-3260631
Convert -23ca9b (base 15) to base 4.
-12202111301
What is 7fcb7 (base 16) in base 2?
1111111110010110111
274244 (base 9) to base 15
347cd
11001000100100000010101 (base 2) to base 4
121010200111
What is 41141312 (base 6) in base 11?
736358
What is -56636 (base 12) in base 6?
-2244110
Convert -20576642 (base 8) to base 9.
-8231327
What is 1441067 (base 11) in base 7?
30020611
Convert -4a798b (base 14) to base 